{"id":58415,"date":"2024-05-23T14:16:24","date_gmt":"2024-05-23T11:16:24","guid":{"rendered":"https:\/\/borsaninizinden.com\/atolye\/?post_type=product&#038;p=58415"},"modified":"2025-07-01T13:53:00","modified_gmt":"2025-07-01T10:53:00","slug":"2-saatlik-mentorluk-hizmeti","status":"publish","type":"product","link":"https:\/\/borsaninizinden.com\/atolye\/urun\/2-saatlik-mentorluk-hizmeti\/","title":{"rendered":"2 Saatlik Ment\u00f6rl\u00fck Hizmeti"},"content":{"rendered":"","protected":false},"excerpt":{"rendered":"<p><span style=\"font-size: 16px;\">Borsan\u0131n \u0130zinden Mentoring hizmeti dahilinde \u0130brahim Babada\u011f\u0131 ile 2 saatlik Mentorl\u00fck hizmetini sat\u0131n almak \u00fczeresin. S\u00fcre\u00e7 \u015f\u00f6yle ilerleyecek:<\/span><\/p>\n<p>1) \u00dcr\u00fcn\u00fc sepete ekledikten sonra \u00e7\u0131kan <strong>&#8220;sepeti g\u00f6r\u00fcnt\u00fcle&#8221;<\/strong> butonuna bas,<\/p>\n<p>2) Sonras\u0131nda \u00e7\u0131kan ekranda<strong> &#8220;\u00f6deme sayfas\u0131na git&#8221;<\/strong> butonuna bas,<\/p>\n<p>3) Bilgilerini girdikten sonra \u00f6demeyi yap.<\/p>\n<p>\u00d6deme yap\u0131ld\u0131ktan sonra, \u00f6deme esnas\u0131nda sisteme girmi\u015f oldu\u011fun telefon numaras\u0131ndan seni 24 saat i\u00e7erisinde arayaca\u011f\u0131m ve tan\u0131\u015faca\u011f\u0131z. Ment\u00f6rl\u00fck planlamas\u0131n\u0131 beraber yapaca\u011f\u0131z. \u0130lgine te\u015fekk\u00fcrler.<\/p>\n","protected":false},"featured_media":58417,"template":"","meta":{"site-sidebar-layout":"default","site-content-layout":"","ast-site-content-layout":"default","site-content-style":"boxed","site-sidebar-style":"default","ast-global-header-display":"","ast-banner-title-visibility":"","ast-main-header-display":"","ast-hfb-above-header-display":"","ast-hfb-below-header-display":"","ast-hfb-mobile-header-display":"","site-post-title":"","ast-breadcrumbs-content":"disabled","ast-featured-img":"","footer-sml-layout":"","ast-disable-related-posts":"","theme-transparent-header-meta":"default","adv-header-id-meta":"","stick-header-meta":"","header-above-stick-meta":"","header-main-stick-meta":"","header-below-stick-meta":"","astra-migrate-meta-layouts":"set","ast-page-background-enabled":"default","ast-page-background-meta":{"desktop":{"background-color":"","background-image":"","background-repeat":"repeat","background-position":"center center","background-size":"auto","background-attachment":"scroll","background-type":"","background-media":"","overlay-type":"","overlay-color":"","overlay-opacity":"","overlay-gradient":""},"tablet":{"background-color":"","background-image":"","background-repeat":"repeat","background-position":"center center","background-size":"auto","background-attachment":"scroll","background-type":"","background-media":"","overlay-type":"","overlay-color":"","overlay-opacity":"","overlay-gradient":""},"mobile":{"background-color":"","background-image":"","background-repeat":"repeat","background-position":"center center","background-size":"auto","background-attachment":"scroll","background-type":"","background-media":"","overlay-type":"","overlay-color":"","overlay-opacity":"","overlay-gradient":""}},"ast-content-background-meta":{"desktop":{"background-color":"var(--ast-global-color-5)","background-image":"","background-repeat":"repeat","background-position":"center center","background-size":"auto","background-attachment":"scroll","background-type":"","background-media":"","overlay-type":"","overlay-color":"","overlay-opacity":"","overlay-gradient":""},"tablet":{"background-color":"var(--ast-global-color-5)","background-image":"","background-repeat":"repeat","background-position":"center center","background-size":"auto","background-attachment":"scroll","background-type":"","background-media":"","overlay-type":"","overlay-color":"","overlay-opacity":"","overlay-gradient":""},"mobile":{"background-color":"var(--ast-global-color-5)","background-image":"","background-repeat":"repeat","background-position":"center center","background-size":"auto","background-attachment":"scroll","background-type":"","background-media":"","overlay-type":"","overlay-color":"","overlay-opacity":"","overlay-gradient":""}}},"product_brand":[],"product_cat":[16],"product_tag":[],"class_list":{"0":"post-58415","1":"product","2":"type-product","3":"status-publish","4":"has-post-thumbnail","6":"product_cat-genel","8":"first","9":"instock","10":"virtual","11":"sold-individually","12":"taxable","13":"purchasable","14":"product-type-simple"},"_links":{"self":[{"href":"https:\/\/borsaninizinden.com\/atolye\/wp-json\/wp\/v2\/product\/58415","targetHints":{"allow":["GET"]}}],"collection":[{"href":"https:\/\/borsaninizinden.com\/atolye\/wp-json\/wp\/v2\/product"}],"about":[{"href":"https:\/\/borsaninizinden.com\/atolye\/wp-json\/wp\/v2\/types\/product"}],"version-history":[{"count":5,"href":"https:\/\/borsaninizinden.com\/atolye\/wp-json\/wp\/v2\/product\/58415\/revisions"}],"predecessor-version":[{"id":58464,"href":"https:\/\/borsaninizinden.com\/atolye\/wp-json\/wp\/v2\/product\/58415\/revisions\/58464"}],"wp:featuredmedia":[{"embeddable":true,"href":"https:\/\/borsaninizinden.com\/atolye\/wp-json\/wp\/v2\/media\/58417"}],"wp:attachment":[{"href":"https:\/\/borsaninizinden.com\/atolye\/wp-json\/wp\/v2\/media?parent=58415"}],"wp:term":[{"taxonomy":"product_brand","embeddable":true,"href":"https:\/\/borsaninizinden.com\/atolye\/wp-json\/wp\/v2\/product_brand?post=58415"},{"taxonomy":"product_cat","embeddable":true,"href":"https:\/\/borsaninizinden.com\/atolye\/wp-json\/wp\/v2\/product_cat?post=58415"},{"taxonomy":"product_tag","embeddable":true,"href":"https:\/\/borsaninizinden.com\/atolye\/wp-json\/wp\/v2\/product_tag?post=58415"}],"curies":[{"name":"wp","href":"https:\/\/api.w.org\/{rel}","templated":true}]}}